h(-4). Let z be (-10)/15 - (-64)/6. What is the greatest common divisor of i and z?
10
Let k be (-4)/2*-1 + 1 + 28. What is the greatest common divisor of 1 and k?
1
Let n(z) = -z**3 - 4*z**2 + z + 6. Let o be n(-4). Suppose 2*a + 2*a = b + 269, o*a - 5*b - 121 = 0. Calculate the highest common factor of a and 34.
34
Suppose -7*j + 20 = -2*j. Suppose 0 = j*i - 0*i - 16. Suppose c + c + 2*h + i = 0, 5*h = -25. Calculate the greatest common factor of c and 6.
3
Let u be ((-1414)/(-49) + -4)*14. Calculate the highest common factor of u and 12.
12
Let n be (-1 + 0)*1 - -1. Suppose n*f = -4*f - 5*p, -f + 3*p = -17. Suppose 2*g - 130 = -f*q, 4*q - 3*g = 46 + 35. What is the highest common factor of q and 6?
6
Let j be ((-63)/7 + 31)*5/2. What is the highest common factor of 45 and j?
5
Suppose 2*h = 2*n, -4*n - 10*h + 9*h - 20 = 0. Let u be (-171)/38*n/2*4. What is the highest common factor of u and 288?
36
Suppose -5*y + 2*y = 5*n - 114, -2*y = -5*n + 124. Calculate the greatest common factor of n and 312.
24
Suppose 5*h = 2*n - 69, 3*n = 2*n - 3*h + 7. Suppose 0*w + w = -10. Let i be 11/(w/(-4) + -2). What is the highest common factor of i and n?
22
Suppose 0 = -2*i + 4*i + 6. Let z = i + 10. Let l be -4*z/((-21)/6). What is the highest common factor of 72 and l?
8
Suppose 22 = 3*j - 17. Let c be 4*(2 + -1)*-1. Let d be (-262)/(-4) - c/(-8). What is the greatest common divisor of d and j?
13
Let n(g) = 6*g**2 + 2*g + 1. Let i be n(-1). Suppose -4*f - z + 338 = 101, i*z = -f + 83. What is the highest common divisor of f and 174?
58
Suppose -o = 4*o - 15. Suppose 4*m - o*f - 55 = 68, 3*m + 3*f = 87. Let s be ((-30)/(-25))/((-1)/(-10)). What is the highest common factor of s and m?
6
Suppose 3*c + 3*a = -45, -5*c = -2*c + 5*a + 55. Let w = c + 12. Suppose -w*q - 50 = -4*q. Calculate the greatest common factor of q and 5.
5
Let t(i) = 28*i + 220. Let z be t(25). Calculate the highest common factor of 40 and z.
40
Let g = 445 + -425. Calculate the greatest common divisor of 60 and g.
20
Let p(r) = r**3 - 7*r**2 + r - 5. Let i be p(7). Let u be 1*(-5 + i)*-3. Let k(a) = a**2 + 36. Let b be k(0). What is the greatest common factor of u and b?
9
Let m(z) = -z**3 + 21*z**2 - 16*z - 27. Let u be m(20). Suppose 9*c - u = 145. Calculate the highest common factor of c and 154.
22
Let q be 0 + (-20)/4 - -9. Suppose -z - 15 = -q*x - 2, -1 = 5*z - 4*x. What is the highest common factor of 15 and z?
3
Suppose 142*f - 6930 = 131*f. What is the highest common factor of 490 and f?
70
Suppose 0 = -3*m - 3*f + 175 + 53, m - 4*f - 96 = 0. Calculate the highest common factor of 1040 and m.
80
Suppose -262 = -9*u + 143. What is the greatest common divisor of 72 and u?
9
Let d = 6 - 4. Let l be (-6 + 6)*(d + -1). Suppose -3*b = b - w - 4, w = l. What is the highest common factor of b and 11?
1
Let p = 3264 - 1564. Calculate the highest common factor of p and 17.
17
Let x be (153/(-561))/(2/(-66)). Calculate the greatest common factor of x and 81.
9
Suppose 2*b + 3*d - d - 650 = 0, 5*d - 975 = -3*b. What is the greatest common factor of b and 13?
13
Let u be -186*(1 - 2)*2/6. Suppose -3*x - 23 = -2*b - 0*x, -47 = -5*b - 3*x. Suppose 31 = -b*z + 11*z. Calculate the greatest common divisor of u and z.
31
Suppose -2*u - 5*n = -3*u, 0 = u + n. Let v be u - (4 - 4 - 0). Suppose v = -5*h + 2*h + 54. What is the highest common divisor of 6 and h?
6
Let w = -110 + 92. Let p = w - -114. Calculate the highest common divisor of p and 24.
24
Let h = 47 + -25. Calculate the greatest common divisor of 154 and h.
22
Let h(c) = -65*c - 44. Let j be h(-1). What is the highest common divisor of j and 483?
21
Let n(v) = -v**3 + 9*v**2 + 6*v + 5. Let i(f) = f**3 + 1. Let z(j) = 2*i(j) + n(j). Let m be z(-8). Calculate the highest common divisor of m and 184.
23
Let z be (-2)/(-13) + 38776/104. Let x = z - 124. Suppose -5*q + 2*u - u + x = 0, -3*q + 159 = -3*u. What is the highest common divisor of 7 and q?
7
Suppose -a - v = 4 - 8, a - v - 12 = 0. Let s(j) = -3*j**3 - 4*j**2 - 2*j + 1. Let w be s(-2). Let n = 25 - w. Calculate the highest common factor of n and a.
4
Suppose -121*y = -120*y. Suppose -4*x - 3*i + 1144 = y, -1613 + 183 = -5*x - 5*i. Calculate the highest common divisor of x and 26.
26
Let j be 73/6 + (-1)/6. Calculate the greatest common divisor of j and 276.
12
Let q be (-6 + 9)*20/(-6). Let v = q - -35. Let z(x) = 2*x**2 + 5*x + 2. Let c be z(-3). What is the greatest common divisor of v and c?
5
Let m be (121 - -4) + 35/7. What is the greatest common divisor of m and 20?
10
Let v be (-98)/(-4) - 2/4. Suppose -2*c - 36 = 2*c. Let x = c + v. What is the greatest common divisor of x and 75?
15
Suppose 5*u - 266 - 189 = 0. Let n = 4 + 22. Calculate the highest common factor of n and u.
13
Let w(r) = -2*r + 10. Let i be w(0). Calculate the greatest common divisor of i and 130.
10
Let v be 28*((-1)/7 - -1). Suppose -2*s - 4*g + 148 = 0, 0*g = g - 7. What is the highest common divisor of v and s?
12
Let h = -14 + -6. Let y = 33 - h. Suppose -5*a - 4*z + y = 0, 2*z - 46 = 2*a - 6*a. What is the greatest common divisor of 91 and a?
13
Let m(a) = -4 + a**2 + 0*a + 6*a - a. Let d be m(-7). What is the highest common factor of 20 and d?
10
Suppose 5*z + 20 = 0, 151 = y + 6*z - 7*z. Calculate the greatest common factor of y and 42.
21
Let o be (15/14*8)/(16/56). Calculate the highest common divisor of o and 50.
10
Suppose 27*u + 156 = 31*u + 5*x, 60 = 2*u - 2*x. What is the greatest common factor of u and 2?
2
Suppose 319 = -9*v + 1867. Let y = 247 - v. What is the highest common factor of y and 15?
15
Let h(y) = y**2 + 5*y - 6. Let m be h(3). Let z be 9/3*12/m. Let j be (-44)/(-6)*6/2. Calculate the greatest common factor of j and z.
2
Suppose -3*i + 207 = -495. What is the greatest common divisor of i and 26?
26
Let m(s) = -s - 1. Let c be m(-12). Suppose -2 = r - c. Calculate the highest common divisor of 90 and r.
9
Let u(l) = 19*l**2 - 52*l - 3. Let t be u(3). What is the greatest common divisor of t and 4488?
12
Let d = 193 - -140. Let f be 4/(-32) + 1925/40. Suppose -f*h = -55*h + 259. Calculate the highest common factor of d and h.
37
Let q be (-4)/(-4)*-90*6/(-3). Let h(a) = -4*a - 4. Suppose -v = 9 - 3. Let k be h(v). Calculate the highest common divisor of k and q.
20
Let m be 2*-2*(-33)/(-12). Let t be -1 + (-1 - (m - -1)). Suppose -571 = -49*l + 997. Calculate the greatest common divisor of t and l.
8
Let s = -62 + 64. Suppose 0 = 4*z - 2*z - 4*a - 34, -3*z = -s*a - 71. Calculate the highest common divisor of z and 81.
27
Let n(p) = 2*p**2 + 8*p + 5. Let f be n(-3). Let o be f + (-5*2/(-5) - -9). Calculate the highest common factor of o and 10.
10
Suppose -9 = -3*c + 4*h + 45, 4*c - 72 = 2*h. Let o be ((-27)/12)/(3/(-32)). Calculate the highest common divisor of o and c.
6
Suppose -4 = -4*f, 4*f = -w + 6*f + 70. Suppose 0 = x + 5*m - 10*m - 24, -m = 0. Calculate the greatest common divisor of w and x.
24
Suppose -4*v - 2*y + 26 = 0, 66*v - 4*y = 70*v - 36. Calculate the greatest common factor of v and 28.
4
Let d be (-174)/(-21) - 10/35. Let o(z) = -z. Let r(h) = 8*h + 2. Let b(j) = 30*o(j) + 5*r(j). Let y be b(3). What is the highest common divisor of y and d?
8
Let a(r) = -r**2 + 6*r - 11. Let c(t) = t**2 - 5*t + 10. Let s(w) = 4*a(w) + 5*c(w). Let v be s(4). What is the highest common divisor of 54 and v?
18
Suppose 5*p + 4*q = -0 + 8, 2 = -2*p + q. Let f be 2 - (-7)/(35/10). Let t = f - p. Calculate the highest common factor of 28 and t.
4
Let f = 10 + 18. Let x be (0 - 2)/(2 + (-564)/280). Calculate the highest common divisor of x and f.
28
Suppose -10*i - 19 = -99. Suppose -448 = -9*p + 4*p - 4*n, -4*n = -8. What is the highest common factor of p and i?
8
Let l = -29 + 27. Let c be 3/(l*(-3)/6). What is the highest common divisor of 9 and c?
3
Suppose 6*u - 17 = 43. What is the highest common factor of 10 and u?
10
Let w(v) = v - 7. Let i be w(5). Let k(x) = -3*x**3 - x**2 - 2*x. Let b be k(i). Let a = -280 + 296. Calculate the highest common factor of a and b.
8
Let j be 724/10 - (-2)/(-5). Suppose -264 = 2*z - 280. What is the highest common divisor of z and j?
8
Let c(y) = y**3 + 13*y**2 - y - 13. Let n be c(-7). Let o = n - 178. What is the greatest common divis